osite number?
True
Is 1165 prime?
False
Is 246391 composite?
False
Is 177467 prime?
True
Is 254071 composite?
False
Is 30341 composite?
False
Is 5539 prime?
False
Is 364103 a prime number?
True
Is 1364809 prime?
True
Is 15971 a prime number?
True
Is 34769 prime?
False
Is 9973 a composite number?
False
Is 8353 composite?
False
Is 145943 prime?
False
Is 1567 composite?
False
Is 13303 composite?
True
Is 202183 composite?
False
Is 50627 a prime number?
True
Is 90509 prime?
False
Is 229683 a prime number?
False
Is 36589 a prime number?
False
Is 398773 a prime number?
False
Is 63197 composite?
False
Is 8843 a composite number?
True
Is 517 prime?
False
Is 21849 a composite number?
True
Is 36947 prime?
True
Is 191621 a composite number?
False
Is 1259 composite?
False
Is 3806995 a composite number?
True
Is 16733 a prime number?
False
Is 3247 a prime number?
False
Is 749701 composite?
False
Is 8329 prime?
True
Is 25837 a prime number?
False
Is 5437 composite?
False
Is 2923 prime?
False
Is 871 a composite number?
True
Is 8665 prime?
False
Is 128789 a prime number?
False
Is 6189 composite?
True
Is 29789 prime?
True
Is 15511 composite?
False
Is 48299 a composite number?
False
Is 26889 prime?
False
Is 57958 a prime number?
False
Is 229142 a prime number?
False
Is 30161 composite?
False
Is 8465 composite?
True
Is 5755835 composite?
True
Is 159709 a prime number?
False
Is 430357 a prime number?
True
Is 6029 a prime number?
True
Is 173839 composite?
False
Is 185591 prime?
False
Is 567719 a composite number?
False
Is 24877 a composite number?
False
Is 70817 a composite number?
True
Is 909437 a composite number?
False
Is 27533 composite?
True
Is 258793 prime?
False
Is 117557 composite?
True
Is 4111 a prime number?
True
Is 2333 composite?
False
Is 1909 a composite number?
True
Is 13119 prime?
False
Is 17033 composite?
False
Is 230189 composite?
False
Is 2203 composite?
False
Is 68261 a prime number?
True
Is 33199 a composite number?
False
Is 34027 a prime number?
False
Is 9481 a composite number?
True
Is 9901 a composite number?
False
Is 814911 a composite number?
True
Is 189863 a composite number?
True
Is 36973 prime?
True
Is 39959 composite?
True
Is 16331 prime?
False
Is 33791 prime?
True
Is 459377 prime?
True
Is 437793 prime?
False
Is 32919 a prime number?
False
Is 4561 a prime number?
True
Is 8301 prime?
False
Is 115873 prime?
True
Is 58445 prime?
False
Is 55129 prime?
False
Is 7811 composite?
True
Is 22229 a composite number?
False
Is 102041 prime?
False
Is 47482 a prime number?
False
Is 1226779 a composite number?
False
Is 485689 a composite number?
False
Is 754081 prime?
True
Is 75817 composite?
True
Is 1075843 prime?
True
Is 3593 a composite number?
False
Is 8369 a composite number?
False
Is 1915 a prime number?
False
Is 54407 composite?
True
Is 33217 a composite number?
True
Is 146777 a prime number?
True
Is 37 composite?
False
Is 17231 composite?
False
Is 163543 prime?
True
Is 64219 prime?
False
Is 979 a prime number?
False
Is 739327 a composite number?
False
Is 1037 composite?
True
Is 5105 composite?
True
Is 4727 a composite number?
True
Is 4189501 composite?
True
Is 92915 composite?
True
Is 72607 a prime number?
False
Is 557017 composite?
False
Is 16669 a prime number?
False
Is 313093 a composite number?
True
Is 16183 a composite number?
False
Is 60353 prime?
True
Is 377654 a composite number?
True
Is 10219 a composite number?
True
Is 631333 prime?
False
Is 5411 a prime number?
False
Is 17783 a prime number?
True
Is 87211 a composite number?
False
Is 499 a composite number?
False
Is 6947 composite?
False
Is 1375013 a composite number?
False
Is 7789 a composite number?
False
Is 9073 a composite number?
True
Is 15131 a composite number?
False
Is 167467 prime?
False
Is 18994 a composite number?
True
Is 696989 prime?
True
Is 37049 prime?
True
Is 11671 prime?
False
Is 64151 composite?
False
Is 54617 composite?
False
Is 597235 prime?
False
Is 269963 a prime number?
False
Is 90793 prime?
True
Is 2143667 composite?
False
Is 3061 a prime number?
True
Is 1397 a composite number?
True
Is 135257 composite?
False
Is 27673 a composite number?
False
Is 10181 composite?
False
Is 211129 composite?
False
Is 211105 a composite number?
True
Is 231779 prime?
True
Is 328271 a prime number?
True
Is 35417 a prime number?
False
Is 39433 a composite number?
True
Is 52869 a prime number?
False
Is 271822 a composite number?
True
Is 538557 a prime number?
False
Is 209093 a prime number?
False
Is 46993 a prime number?
True
Is 2607797 a prime number?
False
Is 4577 a prime number?
False
Is 4327 a composite number?
False
Is 5923 prime?
True
Is 998377 a composite number?
False
Is 79087 prime?
True
Is 67447 prime?
True
Is 299 composite?
True
Is 484577 prime?
True
Is 28349 composite?
False
Is 509 a prime number?
True
Is 83857 prime?
True
Is 3791 prime?
False
Is 1012885 a prime number?
False
Is 238859 a prime number?
True
Is 3163 composite?
False
Is 162343 a prime number?
True
Is 622199 prime?
False
Is 16273 a prime number?
True
Is 78871 composite?
True
Is 5413 a prime number?
True
Is 1574135 a prime number?
False
Is 490057 prime?
True
Is 2333 composite?
False
Is 5381 a composite number?
False
Is 3109 prime?
True
Is 9967 a composite number?
False
Is 1769 a composite number?
True
Is 66767 prime?
False
Is 2329 prime?
False
Is 1213886 a composite number?
True
Is 59269 a composite number?
True
Is 74429 a prime number?
False
Is 38647 a prime number?
False
Is 2743 a prime number?
False
Is 63683 composite?
True
Is 1949 a composite number?
False
Is 18041 a prime number?
True
Is 110119 prime?
True
Is 103471 a composite number?
False
Is 971 prime?
True
Is 4241 prime?
True
Is 23347 prime?
False
Is 70243 a composite number?
True
Is 87037 a composite number?
False
Is 13371 composite?
True
Is 7097 prime?
False
Is 153697 composite?
True
Is 387641 composite?
False
Is 286813 a composite number?
False
Is 1997531 prime?
True
Is 11430167 a composite number?
True
Is 2767 a prime number?
True
Is 481297 prime?
True
Is 25013 a prime number?
True
Is 11189 prime?
False
Is 3258851 prime?
False
Is 166343 a composite number?
True
Is 4789 a composite number?
False
Is 85001 a composite number?
True
Is 7109 prime?
True
Is 157303 composite?
False
Is 85571 a prime number?
True
Is 5299 a prime number?
False
Is 1553653 prime?
True
Is 41813 composite?
False
Is 40214 prime?
False
Is 380429 a prime number?
False
Is 84509 prime?
True
Is 92893 a composite number?
False
Is 14471 prime?
False
Is 10603 prime?
False
Is 669871 a composite number?
True
Is 225119 composite?
False
Is 31643 composite?
False
Is 268599 composite?
True
Is 2426 a composite number?
True
Is 490849 prime?
True
Is 44947 a composite number?
True
Is 81401 prime?
True
Is 8791 composite?
True
Is 38515 a composite number?
True
Is 1651 a composite number?
True
Is 212307 a prime number?
False
Is 613693 a prime number?
False
Is 2203 a prime number?
True
Is 781 a composite number?
True
Is 68131 a prime number?
False
Is 11383 a prime number?
True
Is 4181 composite?
True
Is 6677 prime?
False
Is 47189 a composite number?
False
Is 942079 prime?
True
Is 5821 a prime number?
True
Is 8098 composite?
True
Is 19693 composite?
True
Is 34313 prime?
True
Is 78415 composite?
True
Is 210655 a composite number?
True
Is 405115 a composite number?
True
Is 1661 composite?
True
Is 72739 composite?
False
Is 16811 a prime number?
True
Is 15482 composite?
True
Is 1000423 a prime number?
True
Is 344083 composite?
False
Is 8407 composite?
True
Is 8287 prime?
True
Is 485942 composite?
True
Is 42551 a composite number?
True
Is 476963 a prime number?
False
Is 128747 a composite number?
False
Is 306529 composite?
False
Is 133483 a composite number?
True
Is 28321 a prime number?
False
Is 114887 a composite number?
True
Is 16483 a composite number?
True
Is 53917 prime?
True
Is 541 a composite number?
False
Is 152455 a composite number?
True
Is 25937 prime?
False
Is 1057837 a prime number?
False
Is 8263 composite?
False
Is 400703 prime?
True
Is 111257 composite?
True
Is 23093 composite?
True
Is 16099 a prime number?
False
Is 159703 a prime number?
False
Is 379273 a composite number?
False
Is 83209 composite?
True
Is 16871 a prime number?
True
Is 860447 composite?
True
Is 107095 a prime number?
F